n h is divided by 15?
13
Let f(h) = 4*h + 94. What is the remainder when 198 is divided by f(-10)?
36
Calculate the remainder when (1 + -5)/((-44)/1243) is divided by 6.
5
What is the remainder when 2170/50 - 8/20 is divided by 15?
13
Let j = -24 + 32. Suppose -12 = -2*v + j. Let b = 9 - -9. What is the remainder when b is divided by v?
8
Let w(f) = -f**3 - 19*f**2 + 44*f + 71. What is the remainder when w(-21) is divided by 12?
5
Suppose -5*o + z = -2*z - 87, 4*o - 40 = -5*z. Suppose 233 + 75 = -11*t. Calculate the remainder when (t/3)/(1 - 22/18) is divided by o.
12
Let x(d) = -d**2 - 77*d - 505. Suppose -32 = -q - q. What is the remainder when x(-8) is divided by q?
15
Let f = -3 + 3. Let l = 3 + f. Suppose 2*s + 0*t + t - 13 = 0, -5*s + 3*t = -27. Calculate the remainder when s is divided by l.
0
Let q = -47 + 50. Let k = q + 3. What is the remainder when 20 is divided by k?
2
Let y(v) = 2*v**3 - 5*v**2 - 3. Let p be y(4). Let i = p + -20. Suppose -i = -3*z + 107. What is the remainder when z is divided by 9?
8
Let c(z) = -2*z**2 + 46*z - 33. Calculate the remainder when c(18) is divided by 25.
22
Let i = -874 + 885. Calculate the remainder when 1462 is divided by i.
10
Let x = 2889 - 2815. Suppose 2*c - 6 = -0*c. Suppose -2*r - 17 = -c*z + 64, -4*z - r = -97. What is the remainder when x is divided by z?
24
Suppose p = -3*p + 180. Let c = 69 - p. What is the remainder when 64/c*(4 + -1) is divided by 6?
2
Let d(y) = y**3 - 51*y**2 - 109*y + 250. Suppose 4 = -2*l + 50. Calculate the remainder when d(53) is divided by l.
22
Suppose v + 3*o + 7 = 39, 3*v = -2*o + 131. What is the remainder when 172 is divided by v?
31
Let t(o) = -o**2 + 9*o + 5. Let r = 41 - 34. Calculate the remainder when t(r) is divided by 10.
9
Let s = -14 + 16. Suppose t = -z + 6, -2*z - s*z + 3 = t. Calculate the remainder when t is divided by 4.
3
Let i(d) be the first derivative of d**4/4 + 4*d**3/3 - d**2 - 5*d - 1. Let z be i(-4). Suppose 6*n - 72 = z*n. Calculate the remainder when n is divided by 13.
11
Let p(u) = -3 + 3*u**2 + 11*u**2 - 10*u**2 - u**3. Let z be p(4). Let y(h) = -2*h**3 + h**2 + 3*h + 3. What is the remainder when y(z) is divided by 29?
28
Suppose 11*o = 7*o + 8. Calculate the remainder when (-129)/(-6)*(o + 0) is divided by 15.
13
Let z = 271 - 233. What is the remainder when 60 is divided by z?
22
Suppose 0 = -2*z - 28 + 70. Calculate the remainder when 1300 is divided by z.
19
Suppose 98 = o + 5*n, 10*o - 2*n - 311 = 7*o. What is the remainder when o is divided by -34*2/(-2) + 1?
33
Let o(w) = 2*w - 8. Let s be o(9). What is the remainder when 0/(-1) + s + -1 is divided by 4?
1
Suppose 6*h = 3*h - 381. Let m = -47 - h. What is the remainder when m is divided by 21?
17
Suppose 4*i + 5*s - 1 - 63 = 0, i = 3*s + 16. Let u(n) = 15*n + 1. What is the remainder when u(2) is divided by i?
15
Suppose 0 = 2*g - 4*g + 36. Let q(o) = -o**3 - 96. Let v be q(0). Let z = v + 149. Calculate the remainder when z is divided by g.
17
Let h(z) = -18*z - 208. Calculate the remainder when h(-20) is divided by 22.
20
Suppose -12*v - 4*v + 3*v = 0. Suppose v*p + 10*p - 1510 = 0. Calculate the remainder when p is divided by 22.
19
Let p = -1007 - -1731. Calculate the remainder when p is divided by 14.
10
Let l(b) = 2*b**2 + 9*b - 23. Suppose 0*a + a + 5*k = -28, 2*k = -4*a - 40. Suppose d = 6*d - 35. What is the remainder when l(a) is divided by d?
5
Calculate the remainder when 282 is divided by 3 - ((-63)/18 - (-3)/2).
2
Let w(p) = 9*p - 1. What is the remainder when w(6) is divided by -23*27/18*(-4)/6?
7
Let a(x) be the first derivative of x**3/3 + x**2/2 + x - 3. What is the remainder when 6 is divided by a(-2)?
0
Calculate the remainder when 1/((-123)/640 - 12/(-60)) is divided by 66.
62
Suppose 0 = c - 2*c + 154. Suppose -3*y + 234 = 6*y. What is the remainder when c is divided by y?
24
Let q(o) = -o**3 + 15*o**2 + 22*o - 77. Calculate the remainder when q(12) is divided by 89.
85
Suppose d - 6 = 9. Suppose -7*p + 295 = -2*p. What is the remainder when p is divided by d?
14
Suppose -10*v + 11 + 29 = 0. Suppose 0 = -5*q + 2*y + 61, q - y = v*y + 3. Calculate the remainder when 88 is divided by q.
10
Let t = 30 + -28. Suppose 0 = t*q + q - 324. Suppose 9*u = -0*u + q. What is the remainder when u is divided by 4?
0
Let t(u) be the second derivative of 2*u**3/3 + 8*u**2 + 4*u. Let s be t(12). Let j = s - 42. What is the remainder when j is divided by 8?
6
Let w(g) = -106*g - 365. What is the remainder when w(-5) is divided by 77?
11
Let i(c) = 4*c - 38. Let s be i(15). Suppose 3*n - 166 + s = 0. What is the remainder when n is divided by 11?
4
Let d = 27 + -21. Suppose -d*c - 2 - 4 = 0. Calculate the remainder when 8 - ((-2)/c + -3) is divided by 5.
4
Let x = 191 - 106. Calculate the remainder when x is divided by 3/(30/(-22) - (-21)/14).
19
Suppose 6*y - 14*y = -96. What is the remainder when 66 is divided by y?
6
Let n(d) = 33*d**2 - 8*d + 16. Calculate the remainder when n(3) is divided by 10.
9
What is the remainder when 193 is divided by 4*2*21/28 - -8?
11
Let n = -103 - -210. Suppose u = 4*w - n, -3*u = -5*w + 100 + 25. Let x(q) = -28*q - 1. Calculate the remainder when x(-3) is divided by w.
27
Let p = 272 + -159. What is the remainder when p is divided by 31?
20
Let k(o) = -2*o**3 + 5*o**2 + 4*o + 2. Let r be k(-3). Let b = -7 + r. Calculate the remainder when b is divided by -316*15/(-170) - (-6)/51.
26
Let d(o) = -18*o. Let t be d(2). Let u = -21 + 12. Let k = u - t. What is the remainder when 78 is divided by k?
24
Let y = -33 + 84. Suppose 4*q - 85 = 55. Suppose 0*r + 2*l = 3*r - q, 2*r - 22 = 2*l. Calculate the remainder when y is divided by r.
12
Let h = -56 - -125. Calculate the remainder when h is divided by 14.
13
Suppose 4*r - 230 = -r. Let a be (12/7)/(2/7). Suppose 0 = 11*g - a*g - 60. Calculate the remainder when r is divided by g.
10
Let w be -2*((-4 - -8) + -6). Suppose 0 = -5*y + w*a + 109, -a + 0*a = -4*y + 85. Let u(l) = 7*l**2 + 1. Calculate the remainder when y is divided by u(-1).
5
Suppose -17*a + 2346 + 1105 = 0. What is the remainder when a is divided by 19?
13
Let s(a) = 5*a**2 - 9*a - 21. Calculate the remainder when s(5) is divided by (16/(-5))/((-2)/10).
11
Let w(k) = k - 2. Calculate the remainder when 126 is divided by w(50).
30
Suppose -3*f + 6*f = 54. Let b be (-340)/(-6)*(-1 + 4). Suppose -4*n = n - b. Calculate the remainder when n is divided by f.
16
Let z be 1/((1/(-4))/(-1)). Suppose z = 2*g - 4. Suppose -5*l = g*y + y - 335, -2*y + 2 = 0. What is the remainder when l is divided by 23?
20
Suppose 3*k = 5*k + 2. Calculate the remainder when ((-1)/k)/(1/39) is divided by (-8)/3*(44/176)/(2/(-60)).
19
Let z = -1023 + 1385. Calculate the remainder when z is divided by 61.
57
Suppose 4*q - 4*k = 52, 3*q - 1 = 2*q - 2*k. What is the remainder when q is divided by (-1 + 2)/((-13)/(-65))?
4
Suppose 10*c = 8*c + 696. Suppose 4*g = 540 + c. What is the remainder when g is divided by 45?
42
Let g(b) = -b**3 + 9*b**2 - 11*b + 28. Calculate the remainder when 419 is divided by g(6).
69
Suppose -14*u = -151 - 17. Calculate the remainder when 44 is divided by u.
8
Let o(u) = -u + 21. Let z be o(-13). Calculate the remainder when 48 is divided by -1*2/(-4)*z.
14
Suppose -3*n = -c - 30, 2*n - 37 = -2*c - 17. What is the remainder when 20 is divided by n?
0
Suppose 8*w + 7*w - 345 = 0. What is the remainder when 80 is divided by w?
11
Suppose b + 4*k - 83 = 0, -6*b = -3*b + 2*k - 219. What is the remainder when b is divided by 9?
8
Suppose 2*m - 3*i - 8 = 0, -2*m + i = 3*m - 20. Suppose 2*s + 54 = -3*a, 9*s + 5*a = m*s - 135. What is the remainder when 13 is divided by 18/(-45) + s/(-5)?
3
Suppose -2185 = -6*y - 475. What is the remainder when y is divided by 48?
45
Let y(m) = 18*m**2 + 76*m + 225. Calculate the remainder when y(-3) is divided by 32.
31
Suppose f + 22 = 4*z - 9, 3*f - 5 = -2*z. Suppose 8*a - 250 = 3*a. Suppose -5*t - a = -145. Calculate the remainder when t is divided by z.
5
Suppose -2*d = -2*z + 80, -z - 5*d + 67 = 3. Calculate the remainder when z is divided by 23.
21
Let v(q) = -48*q. Let j be v(-1). Suppose 13*g = 10*g + j. Calculate the remainder when 46 is divided by g.
14
Let z be 2 - (1 + -84 + 0). Suppose 